Last updated on 2023-06-07 05:58:14 CEST.
Flavor | Version | Tinstall | Tcheck | Ttotal | Status | Flags |
---|---|---|---|---|---|---|
r-devel-linux-x86_64-debian-clang | 0.0.2 | 18.12 | 272.71 | 290.83 | NOTE | |
r-devel-linux-x86_64-debian-gcc | 0.0.2 | 14.08 | 197.65 | 211.73 | NOTE | |
r-devel-linux-x86_64-fedora-clang | 0.0.2 | 366.19 | NOTE | |||
r-devel-linux-x86_64-fedora-gcc | 0.0.2 | 360.73 | NOTE | |||
r-devel-windows-x86_64 | 0.0.2 | 27.00 | 206.00 | 233.00 | NOTE | |
r-patched-linux-x86_64 | 0.0.2 | 18.04 | 252.00 | 270.04 | NOTE | |
r-release-linux-x86_64 | 0.0.2 | 16.94 | 249.28 | 266.22 | NOTE | |
r-release-macos-arm64 | 0.0.2 | 110.00 | NOTE | |||
r-release-macos-x86_64 | 0.0.2 | 183.00 | NOTE | |||
r-release-windows-x86_64 | 0.0.2 | 29.00 | 266.00 | 295.00 | NOTE | |
r-oldrel-macos-arm64 | 0.0.2 | 91.00 | NOTE | |||
r-oldrel-macos-x86_64 | 0.0.2 | 158.00 | NOTE | |||
r-oldrel-windows-x86_64 | 0.0.2 | 29.00 | 254.00 | 283.00 | OK |
Version: 0.0.2
Check: package subdirectories
Result: NOTE
Problems with news in ‘NEWS.md’:
No news entries found.
Flavors: r-devel-linux-x86_64-debian-clang, r-devel-linux-x86_64-debian-gcc, r-devel-linux-x86_64-fedora-clang, r-devel-linux-x86_64-fedora-gcc, r-devel-windows-x86_64, r-patched-linux-x86_64, r-release-linux-x86_64, r-release-macos-arm64, r-release-macos-x86_64, r-release-windows-x86_64
Version: 0.0.2
Check: Rd files
Result: NOTE
checkRd: (-1) pulse_of_the_nation.Rd:10: Escaped LaTeX specials: \$
Flavors: r-devel-linux-x86_64-debian-clang, r-devel-linux-x86_64-debian-gcc, r-devel-linux-x86_64-fedora-clang, r-devel-linux-x86_64-fedora-gcc, r-devel-windows-x86_64, r-patched-linux-x86_64, r-release-linux-x86_64, r-release-macos-arm64, r-release-macos-x86_64, r-release-windows-x86_64
Version: 0.0.2
Check: data for non-ASCII characters
Result: NOTE
Note: found 1924 marked UTF-8 strings
Flavors: r-devel-linux-x86_64-fedora-clang, r-devel-linux-x86_64-fedora-gcc, r-oldrel-macos-arm64, r-oldrel-macos-x86_64