Last updated on 2023-05-27 05:52:22 CEST.
Flavor | Version | Tinstall | Tcheck | Ttotal | Status | Flags |
---|---|---|---|---|---|---|
r-devel-linux-x86_64-debian-clang | 3.1-5 | 650.34 | 474.40 | 1124.74 | OK | |
r-devel-linux-x86_64-debian-gcc | 3.1-5 | 510.71 | 330.41 | 841.12 | WARN | |
r-devel-linux-x86_64-fedora-clang | 3.1-5 | 1598.71 | NOTE | |||
r-devel-linux-x86_64-fedora-gcc | 3.1-5 | 1634.90 | OK | |||
r-devel-windows-x86_64 | 3.1-5 | 471.00 | 447.00 | 918.00 | NOTE | |
r-patched-linux-x86_64 | 3.1-5 | 540.25 | 449.36 | 989.61 | OK | |
r-release-linux-x86_64 | 3.1-5 | 540.64 | 449.25 | 989.89 | OK | |
r-release-macos-arm64 | 3.1-5 | 373.00 | NOTE | |||
r-release-macos-x86_64 | 3.1-5 | 644.00 | NOTE | |||
r-release-windows-x86_64 | 3.1-5 | 630.00 | 517.00 | 1147.00 | NOTE | |
r-oldrel-macos-arm64 | 3.1-5 | 320.00 | NOTE | |||
r-oldrel-macos-x86_64 | 3.1-5 | 575.00 | NOTE | |||
r-oldrel-windows-x86_64 | 3.1-5 | 606.00 | 487.00 | 1093.00 | NOTE |
Version: 3.1-5
Check: whether package can be installed
Result: WARN
Found the following significant warnings:
/usr/include/x86_64-linux-gnu/bits/string_fortified.h:59:33: warning: ‘void* __builtin_memset(void*, int, long unsigned int)’ forming offset [112, 115] is out of the bounds [0, 112] of object ‘cbetaAllRow’ with type ‘arma::uvec’ {aka ‘arma::Col<unsigned int>’} [-Warray-bounds]
See ‘/home/hornik/tmp/R.check/r-devel-gcc/Work/PKGS/bayesm.Rcheck/00install.out’ for details.
* used C++ compiler: ‘g++-12 (Debian 12.2.0-14) 12.2.0’
Flavor: r-devel-linux-x86_64-debian-gcc
Version: 3.1-5
Check: installed package size
Result: NOTE
installed size is 5.9Mb
sub-directories of 1Mb or more:
doc 2.9Mb
libs 1.5Mb
Flavors: r-devel-linux-x86_64-fedora-clang, r-devel-windows-x86_64, r-release-macos-arm64, r-release-macos-x86_64, r-release-windows-x86_64, r-oldrel-macos-arm64, r-oldrel-macos-x86_64, r-oldrel-windows-x86_64