Last updated on 2023-06-03 05:52:22 CEST.
Flavor | Version | Tinstall | Tcheck | Ttotal | Status | Flags |
---|---|---|---|---|---|---|
r-devel-linux-x86_64-debian-clang | 1.0.1 | 618.41 | 384.81 | 1003.22 | NOTE | |
r-devel-linux-x86_64-debian-gcc | 1.0.1 | 541.95 | 338.89 | 880.84 | NOTE | |
r-devel-linux-x86_64-fedora-clang | 1.0.1 | 1187.37 | NOTE | |||
r-devel-linux-x86_64-fedora-gcc | 1.0.1 | 1147.52 | NOTE | |||
r-devel-windows-x86_64 | 1.0.1 | 413.00 | 359.00 | 772.00 | NOTE | |
r-patched-linux-x86_64 | 1.0.1 | NOTE | ||||
r-release-linux-x86_64 | 1.0.1 | 477.04 | 431.77 | 908.81 | NOTE | |
r-release-macos-arm64 | 1.0.1 | 364.00 | NOTE | |||
r-release-macos-x86_64 | 1.0.1 | 568.00 | NOTE | |||
r-release-windows-x86_64 | 1.0.1 | 534.00 | 458.00 | 992.00 | NOTE | |
r-oldrel-macos-arm64 | 1.0.1 | 316.00 | NOTE | |||
r-oldrel-macos-x86_64 | 1.0.1 | 518.00 | NOTE | |||
r-oldrel-windows-x86_64 | 1.0.1 | 502.00 | 423.00 | 925.00 | NOTE |
Version: 1.0.1
Check: for GNU extensions in Makefiles
Result: NOTE
GNU make is a SystemRequirements.
Flavors: r-devel-linux-x86_64-debian-clang, r-devel-linux-x86_64-debian-gcc, r-devel-linux-x86_64-fedora-clang, r-devel-linux-x86_64-fedora-gcc, r-devel-windows-x86_64, r-patched-linux-x86_64, r-release-linux-x86_64, r-release-macos-arm64, r-release-macos-x86_64, r-release-windows-x86_64, r-oldrel-macos-arm64, r-oldrel-macos-x86_64, r-oldrel-windows-x86_64
Version: 1.0.1
Check: installed package size
Result: NOTE
installed size is 7.7Mb
sub-directories of 1Mb or more:
libs 6.3Mb
Flavors: r-devel-linux-x86_64-fedora-clang, r-devel-windows-x86_64, r-release-macos-arm64, r-release-macos-x86_64, r-release-windows-x86_64, r-oldrel-macos-arm64, r-oldrel-macos-x86_64, r-oldrel-windows-x86_64
Version: 1.0.1
Check: dependencies in R code
Result: NOTE
Namespaces in Imports field not imported from:
‘RcppParallel’ ‘StanHeaders’ ‘astsa’
All declared Imports should be used.
Flavors: r-devel-linux-x86_64-fedora-clang, r-devel-linux-x86_64-fedora-gcc, r-oldrel-macos-arm64, r-oldrel-macos-x86_64