Last updated on 2023-05-28 05:52:02 CEST.
Flavor | Version | Tinstall | Tcheck | Ttotal | Status | Flags |
---|---|---|---|---|---|---|
r-devel-linux-x86_64-debian-clang | 1.2.11 | 577.34 | 311.62 | 888.96 | NOTE | |
r-devel-linux-x86_64-debian-gcc | 1.2.11 | 529.51 | 272.97 | 802.48 | NOTE | |
r-devel-linux-x86_64-fedora-clang | 1.2.11 | 1112.19 | NOTE | |||
r-devel-linux-x86_64-fedora-gcc | 1.2.11 | 1187.91 | NOTE | |||
r-devel-windows-x86_64 | 1.2.11 | 426.00 | 336.00 | 762.00 | NOTE | |
r-patched-linux-x86_64 | 1.2.11 | 422.37 | 345.79 | 768.16 | NOTE | |
r-release-linux-x86_64 | 1.2.11 | 432.76 | 340.42 | 773.18 | NOTE | |
r-release-macos-arm64 | 1.2.11 | 361.00 | NOTE | |||
r-release-macos-x86_64 | 1.2.11 | 570.00 | NOTE | |||
r-release-windows-x86_64 | 1.2.11 | 567.00 | 417.00 | 984.00 | NOTE | |
r-oldrel-macos-arm64 | 1.2.11 | 249.00 | NOTE | |||
r-oldrel-macos-x86_64 | 1.2.11 | 417.00 | NOTE | |||
r-oldrel-windows-x86_64 | 1.2.11 | 525.00 | 387.00 | 912.00 | NOTE |
Version: 1.2.11
Check: for GNU extensions in Makefiles
Result: NOTE
GNU make is a SystemRequirements.
Flavors: r-devel-linux-x86_64-debian-clang, r-devel-linux-x86_64-debian-gcc, r-devel-linux-x86_64-fedora-clang, r-devel-linux-x86_64-fedora-gcc, r-devel-windows-x86_64, r-patched-linux-x86_64, r-release-linux-x86_64, r-release-macos-arm64, r-release-macos-x86_64, r-release-windows-x86_64, r-oldrel-macos-arm64, r-oldrel-macos-x86_64, r-oldrel-windows-x86_64
Version: 1.2.11
Check: installed package size
Result: NOTE
installed size is 7.4Mb
sub-directories of 1Mb or more:
libs 5.4Mb
Flavors: r-devel-linux-x86_64-fedora-clang, r-devel-windows-x86_64, r-release-macos-arm64, r-release-macos-x86_64, r-release-windows-x86_64, r-oldrel-macos-arm64, r-oldrel-macos-x86_64, r-oldrel-windows-x86_64