CRAN Package Check Results for Package bartMachineJARs

Last updated on 2024-02-23 05:07:14 CET.

Flavor Version Tinstall Tcheck Ttotal Status Flags
r-devel-linux-x86_64-debian-clang 1.2.1 OK
r-devel-linux-x86_64-debian-gcc 1.2.1 3.04 21.19 24.23 OK
r-devel-linux-x86_64-fedora-clang 1.2.1 38.54 NOTE
r-devel-linux-x86_64-fedora-gcc 1.2.1 38.24 OK
r-devel-windows-x86_64 1.2.1 5.00 33.00 38.00 NOTE
r-patched-linux-x86_64 1.2.1 4.46 27.41 31.87 OK
r-release-linux-x86_64 1.2.1 4.54 27.37 31.91 OK
r-release-macos-arm64 1.2.1 19.00 NOTE
r-release-macos-x86_64 1.2.1 24.00 NOTE
r-release-windows-x86_64 1.2.1 5.00 38.00 43.00 NOTE
r-oldrel-macos-arm64 1.2.1 16.00 NOTE
r-oldrel-windows-x86_64 1.2.1 7.00 43.00 50.00 NOTE

Check Details

Version: 1.2.1
Check: installed package size
Result: NOTE installed size is 9.4Mb sub-directories of 1Mb or more: java 9.4Mb Flavors: r-devel-linux-x86_64-fedora-clang, r-devel-windows-x86_64, r-release-macos-arm64, r-release-macos-x86_64, r-release-windows-x86_64, r-oldrel-macos-arm64, r-oldrel-windows-x86_64