Last updated on 2023-05-31 05:56:02 CEST.
Flavor | Version | Tinstall | Tcheck | Ttotal | Status | Flags |
---|---|---|---|---|---|---|
r-devel-linux-x86_64-debian-clang | 1.1-9 | 77.98 | 425.42 | 503.40 | WARN | |
r-devel-linux-x86_64-debian-gcc | 1.1-9 | 69.25 | 317.94 | 387.19 | WARN | |
r-devel-linux-x86_64-fedora-clang | 1.1-9 | 658.38 | WARN | |||
r-devel-linux-x86_64-fedora-gcc | 1.1-9 | 646.65 | WARN | |||
r-devel-windows-x86_64 | 1.1-9 | 65.00 | 286.00 | 351.00 | NOTE | |
r-patched-linux-x86_64 | 1.1-9 | 81.72 | 410.98 | 492.70 | OK | |
r-release-linux-x86_64 | 1.1-9 | 67.63 | 410.66 | 478.29 | OK | |
r-release-macos-arm64 | 1.1-9 | 148.00 | NOTE | |||
r-release-macos-x86_64 | 1.1-9 | 275.00 | NOTE | |||
r-release-windows-x86_64 | 1.1-9 | 88.00 | 388.00 | 476.00 | WARN | |
r-oldrel-macos-arm64 | 1.1-9 | 129.00 | NOTE | |||
r-oldrel-macos-x86_64 | 1.1-9 | 170.00 | NOTE | |||
r-oldrel-windows-x86_64 | 1.1-9 | 83.00 | 381.00 | 464.00 | NOTE |
Version: 1.1-9
Check: package dependencies
Result: NOTE
Package suggested but not available for checking: ‘BayesX’
Flavors: r-devel-linux-x86_64-debian-clang, r-devel-linux-x86_64-debian-gcc, r-devel-linux-x86_64-fedora-gcc
Version: 1.1-9
Check: dependencies in R code
Result: WARN
Missing or unexported object: ‘maptools::gpclibPermit’
Flavors: r-devel-linux-x86_64-debian-clang, r-devel-linux-x86_64-debian-gcc, r-devel-linux-x86_64-fedora-clang, r-devel-linux-x86_64-fedora-gcc, r-release-windows-x86_64
Version: 1.1-9
Check: installed package size
Result: NOTE
installed size is 6.1Mb
sub-directories of 1Mb or more:
R 2.5Mb
data 1.3Mb
doc 1.8Mb
Flavors: r-devel-linux-x86_64-fedora-clang, r-devel-windows-x86_64, r-release-macos-arm64, r-release-macos-x86_64, r-release-windows-x86_64, r-oldrel-macos-arm64, r-oldrel-macos-x86_64, r-oldrel-windows-x86_64
Version: 1.1-9
Check: Rd cross-references
Result: NOTE
Undeclared package ‘akima’ in Rd xrefs
Flavor: r-devel-linux-x86_64-fedora-clang
Version: 1.1-9
Check: package dependencies
Result: NOTE
Packages suggested but not available for checking:
'fields', 'spatstat', 'spdep', 'sdPrior'
Flavor: r-release-macos-x86_64
Version: 1.1-9
Check: Rd cross-references
Result: NOTE
Packages unavailable to check Rd xrefs: ‘fields’, ‘spdep’
Flavor: r-release-macos-x86_64