CRAN Package Check Results for Package autonewsmd

Last updated on 2023-12-08 05:01:58 CET.

Flavor Version Tinstall Tcheck Ttotal Status Flags
r-devel-linux-x86_64-debian-clang 0.0.6 3.45 35.59 39.04 NOTE
r-devel-linux-x86_64-debian-gcc 0.0.6 2.79 27.22 30.01 NOTE
r-devel-linux-x86_64-fedora-clang 0.0.6 50.56 OK
r-devel-linux-x86_64-fedora-gcc 0.0.6 60.78 OK
r-devel-windows-x86_64 0.0.6 5.00 57.00 62.00 OK
r-patched-linux-x86_64 0.0.6 3.53 34.49 38.02 OK
r-release-linux-x86_64 0.0.6 4.04 34.03 38.07 OK
r-release-macos-arm64 0.0.6 34.00 OK
r-release-macos-x86_64 0.0.6 60.00 OK
r-release-windows-x86_64 0.0.6 5.00 60.00 65.00 OK
r-oldrel-macos-arm64 0.0.6 28.00 OK
r-oldrel-macos-x86_64 0.0.6 38.00 OK
r-oldrel-windows-x86_64 0.0.6 6.00 63.00 69.00 OK

Check Details

Version: 0.0.6
Check: Rd files
Result: NOTE checkRd: (-1) autonewsmd.Rd:197: Lost braces 197 | Defaults to `"^v(\\d+\\.){2}\\d+(\\.\\d+)?$"` to identify patterns of | ^ Flavors: r-devel-linux-x86_64-debian-clang, r-devel-linux-x86_64-debian-gcc