Last updated on 2023-06-03 05:52:22 CEST.
Flavor | Version | Tinstall | Tcheck | Ttotal | Status | Flags |
---|---|---|---|---|---|---|
r-devel-linux-x86_64-debian-clang | 2.0.1 | 18.15 | 158.47 | 176.62 | OK | |
r-devel-linux-x86_64-debian-gcc | 2.0.1 | 15.89 | 115.96 | 131.85 | OK | |
r-devel-linux-x86_64-fedora-clang | 2.0.1 | 218.94 | NOTE | |||
r-devel-linux-x86_64-fedora-gcc | 2.0.1 | 214.70 | NOTE | |||
r-devel-windows-x86_64 | 2.0.1 | 19.00 | 112.00 | 131.00 | OK | |
r-patched-linux-x86_64 | 2.0.1 | OK | ||||
r-release-linux-x86_64 | 2.0.1 | 16.36 | 149.07 | 165.43 | OK | |
r-release-macos-arm64 | 2.0.1 | 59.00 | OK | |||
r-release-macos-x86_64 | 2.0.1 | 95.00 | OK | |||
r-release-windows-x86_64 | 2.0.1 | 23.00 | 141.00 | 164.00 | OK | |
r-oldrel-macos-arm64 | 2.0.1 | 58.00 | NOTE | |||
r-oldrel-macos-x86_64 | 2.0.1 | 101.00 | NOTE | |||
r-oldrel-windows-x86_64 | 2.0.1 | 23.00 | 139.00 | 162.00 | OK |
Version: 2.0.1
Check: data for non-ASCII characters
Result: NOTE
Note: found 1 marked UTF-8 string
Flavors: r-devel-linux-x86_64-fedora-clang, r-devel-linux-x86_64-fedora-gcc, r-oldrel-macos-arm64, r-oldrel-macos-x86_64