Last updated on 2023-06-06 05:55:04 CEST.
Flavor | Version | Tinstall | Tcheck | Ttotal | Status | Flags |
---|---|---|---|---|---|---|
r-devel-linux-x86_64-debian-clang | 0.3.2 | 8.40 | 239.79 | 248.19 | OK | |
r-devel-linux-x86_64-debian-gcc | 0.3.2 | 7.01 | 182.01 | 189.02 | OK | |
r-devel-linux-x86_64-fedora-clang | 0.3.2 | 303.48 | NOTE | |||
r-devel-linux-x86_64-fedora-gcc | 0.3.2 | 308.18 | OK | |||
r-devel-windows-x86_64 | 0.3.2 | 8.00 | 152.00 | 160.00 | OK | |
r-patched-linux-x86_64 | 0.3.2 | 14.15 | 235.93 | 250.08 | OK | |
r-release-linux-x86_64 | 0.3.2 | 5.20 | 237.18 | 242.38 | OK | |
r-release-macos-arm64 | 0.3.2 | 95.00 | OK | |||
r-release-macos-x86_64 | 0.3.1 | 128.00 | OK | |||
r-release-windows-x86_64 | 0.3.2 | 11.00 | 185.00 | 196.00 | OK | |
r-oldrel-macos-arm64 | 0.3.2 | 86.00 | OK | |||
r-oldrel-macos-x86_64 | 0.3.2 | 100.00 | OK | |||
r-oldrel-windows-x86_64 | 0.3.2 | 10.00 | 194.00 | 204.00 | OK |
Version: 0.3.2
Check: Rd cross-references
Result: NOTE
Undeclared package ‘iterators’ in Rd xrefs
Flavor: r-devel-linux-x86_64-fedora-clang