CRAN Package Check Results for Package assertive

Last updated on 2023-06-05 05:54:29 CEST.

Flavor Version Tinstall Tcheck Ttotal Status Flags
r-devel-linux-x86_64-debian-clang 0.3-6 3.72 39.50 43.22 NOTE
r-devel-linux-x86_64-debian-gcc 0.3-6 3.24 31.64 34.88 NOTE
r-devel-linux-x86_64-fedora-clang 0.3-6 58.65 NOTE
r-devel-linux-x86_64-fedora-gcc 0.3-6 72.51 NOTE
r-devel-windows-x86_64 0.3-6 6.00 70.00 76.00 NOTE
r-patched-linux-x86_64 0.3-6 5.49 38.13 43.62 NOTE
r-release-linux-x86_64 0.3-6 4.08 38.83 42.91 NOTE
r-release-macos-arm64 0.3-6 34.00 NOTE
r-release-macos-x86_64 0.3-6 49.00 NOTE
r-release-windows-x86_64 0.3-6 7.00 74.00 81.00 NOTE
r-oldrel-macos-arm64 0.3-6 25.00 NOTE
r-oldrel-macos-x86_64 0.3-6 37.00 NOTE
r-oldrel-windows-x86_64 0.3-6 7.00 61.00 68.00 NOTE

Check Details

Version: 0.3-6
Check: LazyData
Result: NOTE
     'LazyData' is specified without a 'data' directory
Flavors: r-devel-linux-x86_64-debian-clang, r-devel-linux-x86_64-debian-gcc, r-devel-linux-x86_64-fedora-clang, r-devel-linux-x86_64-fedora-gcc, r-devel-windows-x86_64, r-patched-linux-x86_64, r-release-linux-x86_64, r-release-macos-arm64, r-release-macos-x86_64, r-release-windows-x86_64, r-oldrel-macos-arm64, r-oldrel-macos-x86_64, r-oldrel-windows-x86_64