Last updated on 2023-06-10 05:52:26 CEST.
Flavor | Version | Tinstall | Tcheck | Ttotal | Status | Flags |
---|---|---|---|---|---|---|
r-devel-linux-x86_64-debian-clang | 0.2.8 | 2.45 | 37.23 | 39.68 | NOTE | |
r-devel-linux-x86_64-debian-gcc | 0.2.8 | 2.18 | 28.90 | 31.08 | NOTE | |
r-devel-linux-x86_64-fedora-clang | 0.2.8 | 50.91 | NOTE | |||
r-devel-linux-x86_64-fedora-gcc | 0.2.8 | 59.36 | NOTE | |||
r-devel-windows-x86_64 | 0.2.8 | 12.00 | 58.00 | 70.00 | NOTE | |
r-patched-linux-x86_64 | 0.2.8 | 3.16 | 35.41 | 38.57 | NOTE | |
r-release-linux-x86_64 | 0.2.8 | 2.64 | 35.23 | 37.87 | NOTE | |
r-release-macos-arm64 | 0.2.8 | 37.00 | NOTE | |||
r-release-macos-x86_64 | 0.2.8 | 47.00 | NOTE | |||
r-release-windows-x86_64 | 0.2.8 | 3.00 | 61.00 | 64.00 | NOTE | |
r-oldrel-macos-arm64 | 0.2.8 | 32.00 | NOTE | |||
r-oldrel-macos-x86_64 | 0.2.8 | 37.00 | NOTE | |||
r-oldrel-windows-x86_64 | 0.2.8 | 4.00 | 63.00 | 67.00 | NOTE |
Version: 0.2.8
Check: LazyData
Result: NOTE
'LazyData' is specified without a 'data' directory
Flavors: r-devel-linux-x86_64-debian-clang, r-devel-linux-x86_64-debian-gcc, r-devel-linux-x86_64-fedora-clang, r-devel-linux-x86_64-fedora-gcc, r-devel-windows-x86_64, r-patched-linux-x86_64, r-release-linux-x86_64, r-release-macos-arm64, r-release-macos-x86_64, r-release-windows-x86_64, r-oldrel-macos-arm64, r-oldrel-macos-x86_64, r-oldrel-windows-x86_64