Last updated on 2023-06-07 05:58:14 CEST.
Flavor | Version | Tinstall | Tcheck | Ttotal | Status | Flags |
---|---|---|---|---|---|---|
r-devel-linux-x86_64-debian-clang | 1.0.4 | 18.81 | 161.02 | 179.83 | NOTE | |
r-devel-linux-x86_64-debian-gcc | 1.0.4 | 14.07 | 120.67 | 134.74 | NOTE | |
r-devel-linux-x86_64-fedora-clang | 1.0.4 | 222.00 | NOTE | |||
r-devel-linux-x86_64-fedora-gcc | 1.0.4 | 224.54 | NOTE | |||
r-devel-windows-x86_64 | 1.0.4 | 19.00 | 129.00 | 148.00 | NOTE | |
r-patched-linux-x86_64 | 1.0.4 | 21.42 | 149.29 | 170.71 | NOTE | |
r-release-linux-x86_64 | 1.0.4 | 17.75 | 151.59 | 169.34 | NOTE | |
r-release-macos-arm64 | 1.0.4 | 72.00 | NOTE | |||
r-release-macos-x86_64 | 1.0.4 | 115.00 | NOTE | |||
r-release-windows-x86_64 | 1.0.4 | 23.00 | 161.00 | 184.00 | NOTE | |
r-oldrel-macos-arm64 | 1.0.4 | 57.00 | NOTE | |||
r-oldrel-macos-x86_64 | 1.0.4 | 89.00 | NOTE | |||
r-oldrel-windows-x86_64 | 1.0.4 | 25.00 | 163.00 | 188.00 | NOTE |
Version: 1.0.4
Check: LazyData
Result: NOTE
'LazyData' is specified without a 'data' directory
Flavors: r-devel-linux-x86_64-debian-clang, r-devel-linux-x86_64-debian-gcc, r-devel-linux-x86_64-fedora-clang, r-devel-linux-x86_64-fedora-gcc, r-devel-windows-x86_64, r-patched-linux-x86_64, r-release-linux-x86_64, r-release-macos-arm64, r-release-macos-x86_64, r-release-windows-x86_64, r-oldrel-macos-arm64, r-oldrel-macos-x86_64, r-oldrel-windows-x86_64