CRAN Package Check Results for Package apcf

Last updated on 2024-02-28 05:12:44 CET.

Flavor Version Tinstall Tcheck Ttotal Status Flags
r-devel-linux-x86_64-debian-clang 0.3.0 51.98 45.23 97.21 NOTE
r-devel-linux-x86_64-debian-gcc 0.3.0 38.86 34.79 73.65 NOTE
r-devel-linux-x86_64-fedora-clang 0.3.0 142.26 NOTE
r-devel-linux-x86_64-fedora-gcc 0.3.0 144.24 NOTE
r-devel-windows-x86_64 0.3.0 39.00 98.00 137.00 NOTE
r-patched-linux-x86_64 0.3.0 50.00 44.32 94.32 NOTE
r-release-linux-x86_64 0.3.0 54.83 44.69 99.52 NOTE
r-release-macos-arm64 0.3.0 56.00 NOTE
r-release-macos-x86_64 0.3.0 80.00 NOTE
r-release-windows-x86_64 0.3.0 43.00 116.00 159.00 NOTE
r-oldrel-macos-arm64 0.3.0 49.00 OK
r-oldrel-windows-x86_64 0.3.0 55.00 108.00 163.00 OK

Check Details

Version: 0.3.0
Check: C++ specification
Result: NOTE Specified C++11: please drop specification unless essential Flavors: r-devel-linux-x86_64-debian-clang, r-devel-linux-x86_64-debian-gcc, r-devel-linux-x86_64-fedora-clang, r-devel-linux-x86_64-fedora-gcc, r-devel-windows-x86_64, r-patched-linux-x86_64, r-release-linux-x86_64, r-release-macos-arm64, r-release-macos-x86_64, r-release-windows-x86_64

Version: 0.3.0
Check: installed package size
Result: NOTE installed size is 5.1Mb sub-directories of 1Mb or more: libs 4.5Mb Flavor: r-release-macos-x86_64