Last updated on 2023-06-06 05:55:04 CEST.
Flavor | Version | Tinstall | Tcheck | Ttotal | Status | Flags |
---|---|---|---|---|---|---|
r-devel-linux-x86_64-debian-clang | 2.5.1 | 16.89 | 271.44 | 288.33 | OK | |
r-devel-linux-x86_64-debian-gcc | 2.5.1 | 14.95 | 208.32 | 223.27 | OK | |
r-devel-linux-x86_64-fedora-clang | 2.5.1 | 340.65 | OK | |||
r-devel-linux-x86_64-fedora-gcc | 2.5.1 | 306.30 | OK | |||
r-devel-windows-x86_64 | 2.5.1 | 16.00 | 169.00 | 185.00 | OK | |
r-patched-linux-x86_64 | 2.5.1 | 14.99 | 233.66 | 248.65 | OK | |
r-release-linux-x86_64 | 2.5.1 | 11.36 | 226.79 | 238.15 | OK | |
r-release-macos-arm64 | 2.5.1 | 81.00 | NOTE | |||
r-release-macos-x86_64 | 2.5.1 | 173.00 | NOTE | |||
r-release-windows-x86_64 | 2.5.1 | 20.00 | 203.00 | 223.00 | OK | |
r-oldrel-macos-arm64 | 2.5.1 | 70.00 | OK | |||
r-oldrel-macos-x86_64 | 2.5.1 | 95.00 | OK | |||
r-oldrel-windows-x86_64 | 2.5.1 | 19.00 | 209.00 | 228.00 | OK |
Version: 2.5.1
Check: package dependencies
Result: NOTE
Package suggested but not available for checking: ‘rhdf5’
Flavors: r-release-macos-arm64, r-release-macos-x86_64