Last updated on 2023-06-07 05:58:14 CEST.
Flavor | Version | Tinstall | Tcheck | Ttotal | Status | Flags |
---|---|---|---|---|---|---|
r-devel-linux-x86_64-debian-clang | 1.0.7.2 | 5.87 | 46.59 | 52.46 | OK | |
r-devel-linux-x86_64-debian-gcc | 1.0.7.2 | 3.98 | 35.44 | 39.42 | OK | |
r-devel-linux-x86_64-fedora-clang | 1.0.7.2 | 64.59 | OK | |||
r-devel-linux-x86_64-fedora-gcc | 1.0.7.2 | 61.61 | OK | |||
r-devel-windows-x86_64 | 1.0.7.2 | 7.00 | 72.00 | 79.00 | NOTE | |
r-patched-linux-x86_64 | 1.0.7.2 | 8.06 | 44.21 | 52.27 | OK | |
r-release-linux-x86_64 | 1.0.7.2 | 4.03 | 45.11 | 49.14 | OK | |
r-release-macos-arm64 | 1.0.7.2 | 26.00 | OK | |||
r-release-macos-x86_64 | 1.0.7.2 | 44.00 | OK | |||
r-release-windows-x86_64 | 1.0.7.2 | 8.00 | 76.00 | 84.00 | NOTE | |
r-oldrel-macos-arm64 | 1.0.7.2 | 26.00 | OK | |||
r-oldrel-macos-x86_64 | 1.0.7.2 | 32.00 | OK | |||
r-oldrel-windows-x86_64 | 1.0.7.2 | 8.00 | 67.00 | 75.00 | NOTE |
Version: 1.0.7.2
Check: dependencies in R code
Result: NOTE
#STDOFF 2:05:08.9
#STDOFF 8:05:43.2
#STDOFF 7:36:41.7
#STDOFF -0:25:21.1
#STDOFF 1:39:49.2
#STDOFF -0:36:44.68
#STDOFF -4:56:01.6
#STDOFF -3:58:29.2
#STDOFF -4:19:18.3
#STDOFF -5:36:13.3
#STDOFF -4:56:16.4
#STDOFF 2:05:08.9
#STDOFF 8:05:43.2
#STDOFF 7:36:41.7
#STDOFF -0:25:21.1
#STDOFF 1:39:49.2
#STDOFF -0:36:44.68
#STDOFF -4:56:01.6
#STDOFF -3:58:29.2
#STDOFF -4:19:18.3
#STDOFF -5:36:13.3
#STDOFF -4:56:16.4
Flavors: r-devel-windows-x86_64, r-release-windows-x86_64, r-oldrel-windows-x86_64