Last updated on 2023-06-08 05:58:02 CEST.
Flavor | Version | Tinstall | Tcheck | Ttotal | Status | Flags |
---|---|---|---|---|---|---|
r-devel-linux-x86_64-debian-clang | 0.2.4 | 41.28 | 37.35 | 78.63 | OK | |
r-devel-linux-x86_64-debian-gcc | 0.2.4 | 33.75 | 28.12 | 61.87 | OK | |
r-devel-linux-x86_64-fedora-clang | 0.2.4 | 112.42 | OK | |||
r-devel-linux-x86_64-fedora-gcc | 0.2.4 | 107.53 | OK | |||
r-devel-windows-x86_64 | 0.2.4 | 33.00 | 69.00 | 102.00 | OK | |
r-patched-linux-x86_64 | 0.2.4 | 33.43 | 35.55 | 68.98 | OK | |
r-release-linux-x86_64 | 0.2.4 | 31.83 | 34.79 | 66.62 | OK | |
r-release-macos-arm64 | 0.2.4 | 34.00 | OK | |||
r-release-macos-x86_64 | 0.2.3 | 50.00 | NOTE | |||
r-release-windows-x86_64 | 0.2.4 | 42.00 | 76.00 | 118.00 | OK | |
r-oldrel-macos-arm64 | 0.2.4 | 33.00 | OK | |||
r-oldrel-macos-x86_64 | 0.2.4 | 43.00 | OK | |||
r-oldrel-windows-x86_64 | 0.2.4 | 41.00 | 74.00 | 115.00 | OK |
Version: 0.2.3
Check: package dependencies
Result: NOTE
Package suggested but not available for checking: ‘TruncatedNormal’
Flavor: r-release-macos-x86_64
Version: 0.2.3
Check: C++ specification
Result: NOTE
Specified C++11: please drop specification unless essential
Flavor: r-release-macos-x86_64