CRAN Package Check Results for Package altR2

Last updated on 2023-06-05 05:54:29 CEST.

Flavor Version Tinstall Tcheck Ttotal Status Flags
r-devel-linux-x86_64-debian-clang 1.0.0 3.07 32.75 35.82 NOTE
r-devel-linux-x86_64-debian-gcc 1.0.0 2.41 26.27 28.68 NOTE
r-devel-linux-x86_64-fedora-clang 1.0.0 45.79 NOTE
r-devel-linux-x86_64-fedora-gcc 1.0.0 43.31 NOTE
r-devel-windows-x86_64 1.0.0 4.00 53.00 57.00 NOTE
r-patched-linux-x86_64 1.0.0 3.11 31.82 34.93 NOTE
r-release-linux-x86_64 1.0.0 3.10 31.95 35.05 NOTE
r-release-macos-arm64 1.0.0 21.00 NOTE
r-release-macos-x86_64 1.0.0 26.00 NOTE
r-release-windows-x86_64 1.0.0 6.00 53.00 59.00 NOTE
r-oldrel-macos-arm64 1.0.0 19.00 NOTE
r-oldrel-macos-x86_64 1.0.0 25.00 NOTE
r-oldrel-windows-x86_64 1.0.0 5.00 55.00 60.00 NOTE

Check Details

Version: 1.0.0
Check: LazyData
Result: NOTE
     'LazyData' is specified without a 'data' directory
Flavors: r-devel-linux-x86_64-debian-clang, r-devel-linux-x86_64-debian-gcc, r-devel-linux-x86_64-fedora-clang, r-devel-linux-x86_64-fedora-gcc, r-devel-windows-x86_64, r-patched-linux-x86_64, r-release-linux-x86_64, r-release-macos-arm64, r-release-macos-x86_64, r-release-windows-x86_64, r-oldrel-macos-arm64, r-oldrel-macos-x86_64, r-oldrel-windows-x86_64