Last updated on 2023-05-29 05:54:57 CEST.
Flavor | Version | Tinstall | Tcheck | Ttotal | Status | Flags |
---|---|---|---|---|---|---|
r-devel-linux-x86_64-debian-clang | 0.1.1 | 1.68 | 23.37 | 25.05 | OK | |
r-devel-linux-x86_64-debian-gcc | 0.1.1 | 1.34 | 18.41 | 19.75 | OK | |
r-devel-linux-x86_64-fedora-clang | 0.1.1 | 32.29 | NOTE | |||
r-devel-linux-x86_64-fedora-gcc | 0.1.1 | 34.15 | NOTE | |||
r-devel-windows-x86_64 | 0.1.1 | 4.00 | 41.00 | 45.00 | OK | |
r-patched-linux-x86_64 | 0.1.1 | 2.17 | 22.55 | 24.72 | OK | |
r-release-linux-x86_64 | 0.1.1 | 1.77 | 22.92 | 24.69 | OK | |
r-release-macos-arm64 | 0.1.1 | 16.00 | OK | |||
r-release-macos-x86_64 | 0.1.1 | 23.00 | OK | |||
r-release-windows-x86_64 | 0.1.1 | 3.00 | 42.00 | 45.00 | OK | |
r-oldrel-macos-arm64 | 0.1.1 | 15.00 | OK | |||
r-oldrel-macos-x86_64 | 0.1.1 | 20.00 | OK | |||
r-oldrel-windows-x86_64 | 0.1.1 | 4.00 | 44.00 | 48.00 | OK |
Version: 0.1.1
Check: data for non-ASCII characters
Result: NOTE
Note: found 114 marked UTF-8 strings
Flavors: r-devel-linux-x86_64-fedora-clang, r-devel-linux-x86_64-fedora-gcc