CRAN Package Check Results for Package algorithmia

Last updated on 2024-02-28 05:12:44 CET.

Flavor Version Tinstall Tcheck Ttotal Status Flags
r-devel-linux-x86_64-debian-clang 0.3.0 4.81 28.83 33.64 NOTE
r-devel-linux-x86_64-debian-gcc 0.3.0 2.96 22.54 25.50 NOTE
r-devel-linux-x86_64-fedora-clang 0.3.0 41.38 NOTE
r-devel-linux-x86_64-fedora-gcc 0.3.0 55.66 NOTE
r-devel-windows-x86_64 0.3.0 5.00 45.00 50.00 NOTE
r-patched-linux-x86_64 0.3.0 4.35 28.19 32.54 NOTE
r-release-linux-x86_64 0.3.0 3.37 28.09 31.46 NOTE
r-release-macos-arm64 0.3.0 25.00 NOTE
r-release-macos-x86_64 0.3.0 41.00 NOTE
r-release-windows-x86_64 0.3.0 6.00 45.00 51.00 NOTE
r-oldrel-macos-arm64 0.3.0 19.00 NOTE
r-oldrel-windows-x86_64 0.3.0 8.00 49.00 57.00 NOTE

Check Details

Version: 0.3.0
Check: LazyData
Result: NOTE 'LazyData' is specified without a 'data' directory Flavors: r-devel-linux-x86_64-debian-clang, r-devel-linux-x86_64-debian-gcc, r-devel-linux-x86_64-fedora-clang, r-devel-linux-x86_64-fedora-gcc, r-devel-windows-x86_64, r-patched-linux-x86_64, r-release-linux-x86_64, r-release-macos-arm64, r-release-macos-x86_64, r-release-windows-x86_64, r-oldrel-macos-arm64, r-oldrel-windows-x86_64