CRAN Package Check Results for Package airportr

Last updated on 2024-02-23 05:07:13 CET.

Flavor Version Tinstall Tcheck Ttotal Status Flags
r-devel-linux-x86_64-debian-clang 0.1.3 OK
r-devel-linux-x86_64-debian-gcc 0.1.3 4.33 38.02 42.35 OK
r-devel-linux-x86_64-fedora-clang 0.1.3 67.98 NOTE
r-devel-linux-x86_64-fedora-gcc 0.1.3 75.86 NOTE
r-devel-windows-x86_64 0.1.3 6.00 59.00 65.00 OK
r-patched-linux-x86_64 0.1.3 5.33 48.04 53.37 OK
r-release-linux-x86_64 0.1.3 5.76 47.89 53.65 OK
r-release-macos-arm64 0.1.3 31.00 OK
r-release-macos-x86_64 0.1.3 47.00 OK
r-release-windows-x86_64 0.1.3 7.00 63.00 70.00 OK
r-oldrel-macos-arm64 0.1.3 27.00 NOTE
r-oldrel-windows-x86_64 0.1.3 7.00 67.00 74.00 OK

Check Details

Version: 0.1.3
Check: data for non-ASCII characters
Result: NOTE Note: found 710 marked UTF-8 strings Flavors: r-devel-linux-x86_64-fedora-clang, r-devel-linux-x86_64-fedora-gcc, r-oldrel-macos-arm64