CRAN Package Check Results for Package ahnr

Last updated on 2023-06-02 05:57:52 CEST.

Flavor Version Tinstall Tcheck Ttotal Status Flags
r-devel-linux-x86_64-debian-clang 0.3.1 6.51 149.70 156.21 NOTE
r-devel-linux-x86_64-debian-gcc 0.3.1 4.83 102.07 106.90 NOTE
r-devel-linux-x86_64-fedora-clang 0.3.1 176.77 NOTE
r-devel-linux-x86_64-fedora-gcc 0.3.1 200.14 NOTE
r-devel-windows-x86_64 0.3.1 8.00 110.00 118.00 NOTE
r-patched-linux-x86_64 0.3.1 NOTE
r-release-linux-x86_64 0.3.1 5.26 137.58 142.84 NOTE
r-release-macos-arm64 0.3.1 55.00 NOTE
r-release-macos-x86_64 0.3.1 98.00 NOTE
r-release-windows-x86_64 0.3.1 9.00 138.00 147.00 NOTE
r-oldrel-macos-arm64 0.3.1 47.00 NOTE
r-oldrel-macos-x86_64 0.3.1 64.00 NOTE
r-oldrel-windows-x86_64 0.3.1 8.00 138.00 146.00 NOTE

Check Details

Version: 0.3.1
Check: LazyData
Result: NOTE
     'LazyData' is specified without a 'data' directory
Flavors: r-devel-linux-x86_64-debian-clang, r-devel-linux-x86_64-debian-gcc, r-devel-linux-x86_64-fedora-clang, r-devel-linux-x86_64-fedora-gcc, r-devel-windows-x86_64, r-patched-linux-x86_64, r-release-linux-x86_64, r-release-macos-arm64, r-release-macos-x86_64, r-release-windows-x86_64, r-oldrel-macos-arm64, r-oldrel-macos-x86_64, r-oldrel-windows-x86_64