Last updated on 2023-06-06 05:55:03 CEST.
Flavor | Version | Tinstall | Tcheck | Ttotal | Status | Flags |
---|---|---|---|---|---|---|
r-devel-linux-x86_64-debian-clang | 0.2.2 | 7.60 | 122.79 | 130.39 | NOTE | |
r-devel-linux-x86_64-debian-gcc | 0.2.2 | 6.79 | 92.71 | 99.50 | NOTE | |
r-devel-linux-x86_64-fedora-clang | 0.2.2 | 176.40 | NOTE | |||
r-devel-linux-x86_64-fedora-gcc | 0.2.2 | 177.67 | NOTE | |||
r-devel-windows-x86_64 | 0.2.2 | 10.00 | 117.00 | 127.00 | NOTE | |
r-patched-linux-x86_64 | 0.2.2 | 7.06 | 116.34 | 123.40 | NOTE | |
r-release-linux-x86_64 | 0.2.2 | 8.44 | 117.88 | 126.32 | NOTE | |
r-release-macos-arm64 | 0.2.2 | 56.00 | NOTE | |||
r-release-macos-x86_64 | 0.2.2 | 86.00 | NOTE | |||
r-release-windows-x86_64 | 0.2.2 | 13.00 | 137.00 | 150.00 | NOTE | |
r-oldrel-macos-arm64 | 0.2.2 | 53.00 | NOTE | |||
r-oldrel-macos-x86_64 | 0.2.2 | 86.00 | NOTE | |||
r-oldrel-windows-x86_64 | 0.2.2 | 13.00 | 138.00 | 151.00 | OK |
Version: 0.2.2
Check: package subdirectories
Result: NOTE
Problems with news in ‘NEWS.md’:
No news entries found.
Flavors: r-devel-linux-x86_64-debian-clang, r-devel-linux-x86_64-debian-gcc, r-devel-linux-x86_64-fedora-clang, r-devel-linux-x86_64-fedora-gcc, r-devel-windows-x86_64, r-patched-linux-x86_64, r-release-linux-x86_64, r-release-macos-arm64, r-release-macos-x86_64, r-release-windows-x86_64
Version: 0.2.2
Check: dependencies in R code
Result: NOTE
Namespace in Imports field not imported from: ‘rmarkdown’
All declared Imports should be used.
Flavors: r-devel-linux-x86_64-fedora-clang, r-devel-linux-x86_64-fedora-gcc, r-oldrel-macos-arm64, r-oldrel-macos-x86_64