Last updated on 2023-05-28 05:52:01 CEST.
Flavor | Version | Tinstall | Tcheck | Ttotal | Status | Flags |
---|---|---|---|---|---|---|
r-devel-linux-x86_64-debian-clang | 0.4.0 | 10.55 | 162.05 | 172.60 | OK | |
r-devel-linux-x86_64-debian-gcc | 0.4.0 | 7.86 | 117.89 | 125.75 | OK | |
r-devel-linux-x86_64-fedora-clang | 0.4.0 | 209.05 | NOTE | |||
r-devel-linux-x86_64-fedora-gcc | 0.4.0 | 230.12 | NOTE | |||
r-devel-windows-x86_64 | 0.4.0 | 9.00 | 139.00 | 148.00 | OK | |
r-patched-linux-x86_64 | 0.4.0 | 12.17 | 156.50 | 168.67 | OK | |
r-release-linux-x86_64 | 0.4.0 | 10.12 | 156.02 | 166.14 | OK | |
r-release-macos-arm64 | 0.4.0 | 72.00 | OK | |||
r-release-macos-x86_64 | 0.4.0 | 124.00 | OK | |||
r-release-windows-x86_64 | 0.4.0 | 11.00 | 164.00 | 175.00 | OK | |
r-oldrel-macos-arm64 | 0.4.0 | 70.00 | OK | |||
r-oldrel-macos-x86_64 | 0.4.0 | 86.00 | NOTE | |||
r-oldrel-windows-x86_64 | 0.4.0 | 12.00 | 161.00 | 173.00 | OK |
Version: 0.4.0
Check: dependencies in R code
Result: NOTE
Namespace in Imports field not imported from: ‘mathjaxr’
All declared Imports should be used.
Flavors: r-devel-linux-x86_64-fedora-clang, r-devel-linux-x86_64-fedora-gcc, r-oldrel-macos-x86_64