CRAN Package Check Results for Package aftgee

Last updated on 2023-06-09 05:54:52 CEST.

Flavor Version Tinstall Tcheck Ttotal Status Flags
r-devel-linux-x86_64-debian-clang 1.1.6 24.12 120.76 144.88 NOTE
r-devel-linux-x86_64-debian-gcc 1.1.6 18.53 90.06 108.59 NOTE
r-devel-linux-x86_64-fedora-clang 1.1.6 181.40 NOTE
r-devel-linux-x86_64-fedora-gcc 1.1.6 167.53 NOTE
r-devel-windows-x86_64 1.1.6 19.00 106.00 125.00 NOTE
r-patched-linux-x86_64 1.1.6 18.41 112.10 130.51 NOTE
r-release-linux-x86_64 1.1.6 14.22 113.79 128.01 NOTE
r-release-macos-arm64 1.1.6 57.00 NOTE
r-release-macos-x86_64 1.1.6 87.00 NOTE
r-release-windows-x86_64 1.1.6 27.00 126.00 153.00 NOTE
r-oldrel-macos-arm64 1.1.6 49.00 OK
r-oldrel-macos-x86_64 1.1.6 83.00 OK
r-oldrel-windows-x86_64 1.1.6 26.00 122.00 148.00 OK

Check Details

Version: 1.1.6
Check: package subdirectories
Result: NOTE
    Problems with news in ‘NEWS.md’:
    No news entries found.
Flavors: r-devel-linux-x86_64-debian-clang, r-devel-linux-x86_64-debian-gcc, r-devel-linux-x86_64-fedora-clang, r-devel-linux-x86_64-fedora-gcc, r-devel-windows-x86_64, r-patched-linux-x86_64, r-release-linux-x86_64, r-release-macos-arm64, r-release-macos-x86_64, r-release-windows-x86_64