CRAN Package Check Results for Package afmToolkit

Last updated on 2023-06-10 05:52:26 CEST.

Flavor Version Tinstall Tcheck Ttotal Status Flags
r-devel-linux-x86_64-debian-clang 0.0.1 8.03 74.42 82.45 OK
r-devel-linux-x86_64-debian-gcc 0.0.1 5.87 54.99 60.86 OK
r-devel-linux-x86_64-fedora-clang 0.0.1 100.59 NOTE
r-devel-linux-x86_64-fedora-gcc 0.0.1 92.68 NOTE
r-devel-windows-x86_64 0.0.1 8.00 77.00 85.00 OK
r-patched-linux-x86_64 0.0.1 7.07 67.14 74.21 OK
r-release-linux-x86_64 0.0.1 6.39 67.66 74.05 OK
r-release-macos-arm64 0.0.1 35.00 OK
r-release-macos-x86_64 0.0.1 50.00 OK
r-release-windows-x86_64 0.0.1 10.00 87.00 97.00 OK
r-oldrel-macos-arm64 0.0.1 32.00 NOTE
r-oldrel-macos-x86_64 0.0.1 47.00 NOTE
r-oldrel-windows-x86_64 0.0.1 10.00 90.00 100.00 OK

Check Details

Version: 0.0.1
Check: dependencies in R code
Result: NOTE
    Namespaces in Imports field not imported from:
     ‘DBI’ ‘assertthat’ ‘tibble’
     All declared Imports should be used.
Flavors: r-devel-linux-x86_64-fedora-clang, r-devel-linux-x86_64-fedora-gcc, r-oldrel-macos-arm64, r-oldrel-macos-x86_64