CRAN Package Check Results for Package adwordsR

Last updated on 2024-02-23 05:07:13 CET.

Flavor Version Tinstall Tcheck Ttotal Status Flags
r-devel-linux-x86_64-debian-clang 0.3.1 NOTE
r-devel-linux-x86_64-debian-gcc 0.3.1 2.19 19.55 21.74 NOTE
r-devel-linux-x86_64-fedora-clang 0.3.1 34.61 NOTE
r-devel-linux-x86_64-fedora-gcc 0.3.1 32.73 NOTE
r-devel-windows-x86_64 0.3.1 3.00 43.00 46.00 NOTE
r-patched-linux-x86_64 0.3.1 3.39 24.47 27.86 NOTE
r-release-linux-x86_64 0.3.1 2.76 24.53 27.29 NOTE
r-release-macos-arm64 0.3.1 18.00 NOTE
r-release-macos-x86_64 0.3.1 21.00 NOTE
r-release-windows-x86_64 0.3.1 5.00 47.00 52.00 NOTE
r-oldrel-macos-arm64 0.3.1 19.00 NOTE
r-oldrel-windows-x86_64 0.3.1 5.00 46.00 51.00 NOTE

Check Details

Version: 0.3.1
Check: LazyData
Result: NOTE 'LazyData' is specified without a 'data' directory Flavors: r-devel-linux-x86_64-debian-clang, r-devel-linux-x86_64-debian-gcc, r-devel-linux-x86_64-fedora-clang, r-devel-linux-x86_64-fedora-gcc, r-devel-windows-x86_64, r-patched-linux-x86_64, r-release-linux-x86_64, r-release-macos-arm64, r-release-macos-x86_64, r-release-windows-x86_64, r-oldrel-macos-arm64, r-oldrel-windows-x86_64