Last updated on 2023-06-05 05:54:29 CEST.
Flavor | Version | Tinstall | Tcheck | Ttotal | Status | Flags |
---|---|---|---|---|---|---|
r-devel-linux-x86_64-debian-clang | 0.10.1 | 13.50 | 476.19 | 489.69 | OK | |
r-devel-linux-x86_64-debian-gcc | 0.10.1 | 9.21 | 356.67 | 365.88 | OK | |
r-devel-linux-x86_64-fedora-clang | 0.10.1 | 625.58 | NOTE | |||
r-devel-linux-x86_64-fedora-gcc | 0.10.1 | 581.20 | OK | |||
r-devel-windows-x86_64 | 0.10.1 | 12.00 | 382.00 | 394.00 | OK | |
r-patched-linux-x86_64 | 0.10.1 | 16.32 | 452.64 | 468.96 | OK | |
r-release-linux-x86_64 | 0.10.1 | 12.10 | 464.29 | 476.39 | OK | |
r-release-macos-arm64 | 0.10.1 | 172.00 | OK | |||
r-release-macos-x86_64 | 0.10.1 | 437.00 | OK | |||
r-release-windows-x86_64 | 0.10.1 | 15.00 | 512.00 | 527.00 | OK | |
r-oldrel-macos-arm64 | 0.10.1 | 170.00 | OK | |||
r-oldrel-macos-x86_64 | 0.10.1 | 228.00 | OK | |||
r-oldrel-windows-x86_64 | 0.10.1 | 16.00 | 517.00 | 533.00 | OK |
Version: 0.10.1
Check: Rd cross-references
Result: NOTE
Undeclared packages ‘timereg’, ‘rms’, ‘ranger’ in Rd xrefs
Flavor: r-devel-linux-x86_64-fedora-clang