Last updated on 2023-06-05 05:54:29 CEST.
Flavor | Version | Tinstall | Tcheck | Ttotal | Status | Flags |
---|---|---|---|---|---|---|
r-devel-linux-x86_64-debian-clang | 1.0 | 79.27 | 86.90 | 166.17 | OK | |
r-devel-linux-x86_64-debian-gcc | 1.0 | 51.64 | 65.96 | 117.60 | OK | |
r-devel-linux-x86_64-fedora-clang | 1.0 | 209.73 | OK | |||
r-devel-linux-x86_64-fedora-gcc | 1.0 | 204.70 | OK | |||
r-devel-windows-x86_64 | 1.0 | 49.00 | 94.00 | 143.00 | OK | |
r-patched-linux-x86_64 | 1.0 | 58.44 | 81.59 | 140.03 | OK | |
r-release-linux-x86_64 | 1.0 | 54.54 | 82.13 | 136.67 | OK | |
r-release-macos-arm64 | 1.0 | 60.00 | NOTE | |||
r-release-macos-x86_64 | 1.0 | 99.00 | NOTE | |||
r-release-windows-x86_64 | 1.0 | 64.00 | 114.00 | 178.00 | OK | |
r-oldrel-macos-arm64 | 1.0 | 56.00 | NOTE | |||
r-oldrel-macos-x86_64 | 1.0 | 68.00 | NOTE | |||
r-oldrel-windows-x86_64 | 1.0 | 61.00 | 110.00 | 171.00 | OK |
Version: 1.0
Check: installed package size
Result: NOTE
installed size is 6.4Mb
sub-directories of 1Mb or more:
libs 6.2Mb
Flavors: r-release-macos-arm64, r-release-macos-x86_64, r-oldrel-macos-arm64, r-oldrel-macos-x86_64