CRAN Package Check Results for Package adaHuber

Last updated on 2023-05-30 05:57:27 CEST.

Flavor Version Tinstall Tcheck Ttotal Status Flags
r-devel-linux-x86_64-debian-clang 1.1 43.03 30.73 73.76 NOTE
r-devel-linux-x86_64-debian-gcc 1.1 30.30 24.51 54.81 NOTE
r-devel-linux-x86_64-fedora-clang 1.1 101.52 NOTE
r-devel-linux-x86_64-fedora-gcc 1.1 107.04 NOTE
r-devel-windows-x86_64 1.1 30.00 76.00 106.00 NOTE
r-patched-linux-x86_64 1.1 29.75 30.11 59.86 NOTE
r-release-linux-x86_64 1.1 31.41 30.51 61.92 NOTE
r-release-macos-arm64 1.1 29.00 NOTE
r-release-macos-x86_64 1.1 47.00 NOTE
r-release-windows-x86_64 1.1 41.00 78.00 119.00 NOTE
r-oldrel-macos-arm64 1.1 29.00 OK
r-oldrel-macos-x86_64 1.1 41.00 OK
r-oldrel-windows-x86_64 1.1 40.00 75.00 115.00 OK

Check Details

Version: 1.1
Check: C++ specification
Result: NOTE
     Specified C++11: please drop specification unless essential
Flavors: r-devel-linux-x86_64-debian-clang, r-devel-linux-x86_64-debian-gcc, r-devel-linux-x86_64-fedora-clang, r-devel-linux-x86_64-fedora-gcc, r-devel-windows-x86_64, r-patched-linux-x86_64, r-release-linux-x86_64, r-release-macos-arm64, r-release-macos-x86_64, r-release-windows-x86_64