CRAN Package Check Results for Package aLFQ

Last updated on 2023-06-06 05:55:03 CEST.

Flavor Version Tinstall Tcheck Ttotal Status Flags
r-devel-linux-x86_64-debian-clang 1.3.6 15.66 167.73 183.39 NOTE
r-devel-linux-x86_64-debian-gcc 1.3.6 12.98 120.58 133.56 NOTE
r-devel-linux-x86_64-fedora-clang 1.3.6 222.04 NOTE
r-devel-linux-x86_64-fedora-gcc 1.3.6 210.26 NOTE
r-devel-windows-x86_64 1.3.6 16.00 126.00 142.00 NOTE
r-patched-linux-x86_64 1.3.6 12.67 151.10 163.77 NOTE
r-release-linux-x86_64 1.3.6 11.94 148.76 160.70 NOTE
r-release-macos-arm64 1.3.6 63.00 NOTE
r-release-macos-x86_64 1.3.6 101.00 NOTE
r-release-windows-x86_64 1.3.6 23.00 151.00 174.00 NOTE
r-oldrel-macos-arm64 1.3.6 54.00 OK
r-oldrel-macos-x86_64 1.3.6 96.00 OK
r-oldrel-windows-x86_64 1.3.6 22.00 157.00 179.00 OK

Check Details

Version: 1.3.6
Check: Rd files
Result: NOTE
    checkRd: (-1) ALF.Rd:47: Escaped LaTeX specials: \&
Flavors: r-devel-linux-x86_64-debian-clang, r-devel-linux-x86_64-debian-gcc, r-devel-linux-x86_64-fedora-clang, r-devel-linux-x86_64-fedora-gcc, r-devel-windows-x86_64, r-patched-linux-x86_64, r-release-linux-x86_64, r-release-macos-arm64, r-release-macos-x86_64, r-release-windows-x86_64