Last updated on 2023-06-10 05:52:50 CEST.
Flavor | Version | Tinstall | Tcheck | Ttotal | Status | Flags |
---|---|---|---|---|---|---|
r-devel-linux-x86_64-debian-clang | 1.5-10 | 2.26 | 28.86 | 31.12 | NOTE | |
r-devel-linux-x86_64-debian-gcc | 1.5-10 | 1.85 | 22.73 | 24.58 | NOTE | |
r-devel-linux-x86_64-fedora-clang | 1.5-10 | 40.76 | NOTE | |||
r-devel-linux-x86_64-fedora-gcc | 1.5-10 | 48.13 | NOTE | |||
r-devel-windows-x86_64 | 1.5-10 | 5.00 | 46.00 | 51.00 | NOTE | |
r-patched-linux-x86_64 | 1.5-10 | 2.49 | 27.86 | 30.35 | NOTE | |
r-release-linux-x86_64 | 1.5-10 | 2.24 | 28.17 | 30.41 | NOTE | |
r-release-macos-arm64 | 1.5-10 | 22.00 | NOTE | |||
r-release-macos-x86_64 | 1.5-10 | 35.00 | NOTE | |||
r-release-windows-x86_64 | 1.5-10 | 3.00 | 47.00 | 50.00 | NOTE | |
r-oldrel-macos-arm64 | 1.5-10 | 25.00 | OK | |||
r-oldrel-macos-x86_64 | 1.5-10 | 30.00 | OK | |||
r-oldrel-windows-x86_64 | 1.5-10 | 4.00 | 49.00 | 53.00 | OK |
Version: 1.5-10
Check: package subdirectories
Result: NOTE
Problems with news in ‘NEWS.md’:
Cannot extract version info from the following section titles:
Major changes
Minor changes
Flavors: r-devel-linux-x86_64-debian-clang, r-devel-linux-x86_64-debian-gcc, r-devel-linux-x86_64-fedora-clang, r-devel-linux-x86_64-fedora-gcc, r-devel-windows-x86_64, r-patched-linux-x86_64, r-release-linux-x86_64, r-release-macos-arm64, r-release-macos-x86_64, r-release-windows-x86_64