CRAN Package Check Results for Package WeibullR

Last updated on 2023-06-05 05:54:51 CEST.

Flavor Version Tinstall Tcheck Ttotal Status Flags
r-devel-linux-x86_64-debian-clang 1.2.1 128.03 63.82 191.85 NOTE
r-devel-linux-x86_64-debian-gcc 1.2.1 99.93 48.13 148.06 NOTE
r-devel-linux-x86_64-fedora-clang 1.2.1 286.67 NOTE
r-devel-linux-x86_64-fedora-gcc 1.2.1 281.74 NOTE
r-devel-windows-x86_64 1.2.1 99.00 90.00 189.00 NOTE
r-patched-linux-x86_64 1.2.1 115.69 61.31 177.00 NOTE
r-release-linux-x86_64 1.2.1 110.37 61.55 171.92 NOTE
r-release-macos-arm64 1.2.1 59.00 NOTE
r-release-macos-x86_64 1.2.1 119.00 NOTE
r-release-windows-x86_64 1.2.1 123.00 103.00 226.00 NOTE
r-oldrel-macos-arm64 1.2.1 62.00 OK
r-oldrel-macos-x86_64 1.2.1 75.00 OK
r-oldrel-windows-x86_64 1.2.1 123.00 100.00 223.00 OK

Check Details

Version: 1.2.1
Check: C++ specification
Result: NOTE
     Specified C++11: please drop specification unless essential
Flavors: r-devel-linux-x86_64-debian-clang, r-devel-linux-x86_64-debian-gcc, r-devel-linux-x86_64-fedora-clang, r-devel-linux-x86_64-fedora-gcc, r-devel-windows-x86_64, r-patched-linux-x86_64, r-release-linux-x86_64, r-release-macos-arm64, r-release-macos-x86_64, r-release-windows-x86_64