Last updated on 2023-06-09 05:55:15 CEST.
Flavor | Version | Tinstall | Tcheck | Ttotal | Status | Flags |
---|---|---|---|---|---|---|
r-devel-linux-x86_64-debian-clang | 1.0.0 | 12.40 | 110.25 | 122.65 | NOTE | |
r-devel-linux-x86_64-debian-gcc | 1.0.0 | 11.24 | 83.47 | 94.71 | NOTE | |
r-devel-linux-x86_64-fedora-clang | 1.0.0 | 155.05 | NOTE | |||
r-devel-linux-x86_64-fedora-gcc | 1.0.0 | 145.85 | NOTE | |||
r-devel-windows-x86_64 | 1.0.0 | 12.00 | 208.00 | 220.00 | NOTE | |
r-patched-linux-x86_64 | 1.0.0 | 14.24 | 105.23 | 119.47 | NOTE | |
r-release-linux-x86_64 | 1.0.0 | 10.17 | 105.01 | 115.18 | NOTE | |
r-release-macos-arm64 | 1.0.0 | 47.00 | NOTE | |||
r-release-macos-x86_64 | 1.0.0 | 75.00 | NOTE | |||
r-release-windows-x86_64 | 1.0.0 | 16.00 | 121.00 | 137.00 | NOTE | |
r-oldrel-macos-arm64 | 1.0.0 | 43.00 | NOTE | |||
r-oldrel-macos-x86_64 | 1.0.0 | 81.00 | NOTE | |||
r-oldrel-windows-x86_64 | 1.0.0 | 16.00 | 115.00 | 131.00 | OK |
Version: 1.0.0
Check: Rd files
Result: NOTE
checkRd: (-1) ex121.Rd:18: Escaped LaTeX specials: \&
checkRd: (-1) ex124.Rd:18: Escaped LaTeX specials: \&
checkRd: (-1) ex125.Rd:18: Escaped LaTeX specials: \&
checkRd: (-1) ex127.Rd:18: Escaped LaTeX specials: \&
checkRd: (-1) ex32.Rd:18: Escaped LaTeX specials: \&
checkRd: (-1) ex33.Rd:18: Escaped LaTeX specials: \&
Flavors: r-devel-linux-x86_64-debian-clang, r-devel-linux-x86_64-debian-gcc, r-devel-linux-x86_64-fedora-clang, r-devel-linux-x86_64-fedora-gcc, r-devel-windows-x86_64, r-patched-linux-x86_64, r-release-linux-x86_64, r-release-macos-arm64, r-release-macos-x86_64, r-release-windows-x86_64
Version: 1.0.0
Check: dependencies in R code
Result: NOTE
Namespace in Imports field not imported from: ‘nlme’
All declared Imports should be used.
Flavors: r-devel-linux-x86_64-fedora-clang, r-devel-linux-x86_64-fedora-gcc, r-oldrel-macos-arm64, r-oldrel-macos-x86_64