CRAN Package Check Results for Package VMDecomp

Last updated on 2023-06-07 05:58:36 CEST.

Flavor Version Tinstall Tcheck Ttotal Status Flags
r-devel-linux-x86_64-debian-clang 1.0.1 48.82 95.83 144.65 NOTE
r-devel-linux-x86_64-debian-gcc 1.0.1 34.62 101.90 136.52 NOTE
r-devel-linux-x86_64-fedora-clang 1.0.1 163.43 NOTE
r-devel-linux-x86_64-fedora-gcc 1.0.1 171.37 NOTE
r-devel-windows-x86_64 1.0.1 37.00 83.00 120.00 NOTE
r-patched-linux-x86_64 1.0.1 39.19 75.00 114.19 NOTE
r-release-linux-x86_64 1.0.1 38.21 74.81 113.02 NOTE
r-release-macos-arm64 1.0.1 46.00 NOTE
r-release-macos-x86_64 1.0.1 77.00 NOTE
r-release-windows-x86_64 1.0.1 47.00 95.00 142.00 NOTE
r-oldrel-macos-arm64 1.0.1 49.00 NOTE
r-oldrel-macos-x86_64 1.0.1 54.00 NOTE
r-oldrel-windows-x86_64 1.0.1 45.00 96.00 141.00 OK

Check Details

Version: 1.0.1
Check: C++ specification
Result: NOTE
     Specified C++11: please drop specification unless essential
Flavors: r-devel-linux-x86_64-debian-clang, r-devel-linux-x86_64-debian-gcc, r-devel-linux-x86_64-fedora-clang, r-devel-linux-x86_64-fedora-gcc, r-devel-windows-x86_64, r-patched-linux-x86_64, r-release-linux-x86_64, r-release-macos-arm64, r-release-macos-x86_64, r-release-windows-x86_64

Version: 1.0.1
Check: installed package size
Result: NOTE
     installed size is 5.3Mb
     sub-directories of 1Mb or more:
     libs 3.8Mb
Flavors: r-release-macos-arm64, r-release-macos-x86_64, r-oldrel-macos-arm64, r-oldrel-macos-x86_64