Last updated on 2023-05-30 05:57:49 CEST.
Flavor | Version | Tinstall | Tcheck | Ttotal | Status | Flags |
---|---|---|---|---|---|---|
r-devel-linux-x86_64-debian-clang | 1.1.0 | 43.26 | 407.15 | 450.41 | OK | |
r-devel-linux-x86_64-debian-gcc | 1.1.0 | 35.44 | 308.99 | 344.43 | OK | |
r-devel-linux-x86_64-fedora-clang | 1.1.0 | 572.58 | NOTE | |||
r-devel-linux-x86_64-fedora-gcc | 1.1.0 | 585.76 | OK | |||
r-devel-windows-x86_64 | 1.1.0 | 40.00 | 286.00 | 326.00 | NOTE | |
r-patched-linux-x86_64 | 1.1.0 | 39.03 | 390.34 | 429.37 | OK | |
r-release-linux-x86_64 | 1.1.0 | 37.39 | 386.28 | 423.67 | OK | |
r-release-macos-arm64 | 1.1.0 | 161.00 | NOTE | |||
r-release-macos-x86_64 | 1.1.0 | 268.00 | NOTE | |||
r-release-windows-x86_64 | 1.1.0 | 55.00 | 373.00 | 428.00 | NOTE | |
r-oldrel-macos-arm64 | 1.1.0 | 133.00 | NOTE | |||
r-oldrel-macos-x86_64 | 1.1.0 | 228.00 | NOTE | |||
r-oldrel-windows-x86_64 | 1.1.0 | 54.00 | 356.00 | 410.00 | NOTE |
Version: 1.1.0
Check: installed package size
Result: NOTE
installed size is 9.5Mb
sub-directories of 1Mb or more:
extdata 8.7Mb
Flavors: r-devel-linux-x86_64-fedora-clang, r-devel-windows-x86_64, r-release-macos-arm64, r-release-macos-x86_64, r-release-windows-x86_64, r-oldrel-macos-arm64, r-oldrel-macos-x86_64, r-oldrel-windows-x86_64