CRAN Package Check Results for Package UtilityFrailtyPH12

Last updated on 2023-06-08 05:58:24 CEST.

Flavor Version Tinstall Tcheck Ttotal Status Flags
r-devel-linux-x86_64-debian-clang 1.0 33.04 77.79 110.83 NOTE
r-devel-linux-x86_64-debian-gcc 1.0 31.43 59.63 91.06 NOTE
r-devel-linux-x86_64-fedora-clang 1.0 158.25 NOTE
r-devel-linux-x86_64-fedora-gcc 1.0 151.87 NOTE
r-devel-windows-x86_64 1.0 33.00 99.00 132.00 NOTE
r-patched-linux-x86_64 1.0 30.14 75.94 106.08 NOTE
r-release-linux-x86_64 1.0 34.36 75.57 109.93 NOTE
r-release-macos-arm64 1.0 48.00 NOTE
r-release-macos-x86_64 1.0 70.00 NOTE
r-release-windows-x86_64 1.0 41.00 116.00 157.00 NOTE
r-oldrel-macos-arm64 1.0 44.00 OK
r-oldrel-macos-x86_64 1.0 54.00 OK
r-oldrel-windows-x86_64 1.0 39.00 111.00 150.00 OK

Check Details

Version: 1.0
Check: C++ specification
Result: NOTE
     Specified C++11: please drop specification unless essential
Flavors: r-devel-linux-x86_64-debian-clang, r-devel-linux-x86_64-debian-gcc, r-devel-linux-x86_64-fedora-clang, r-devel-linux-x86_64-fedora-gcc, r-devel-windows-x86_64, r-patched-linux-x86_64, r-release-linux-x86_64, r-release-macos-arm64, r-release-macos-x86_64, r-release-windows-x86_64