Last updated on 2023-06-10 05:52:49 CEST.
Flavor | Version | Tinstall | Tcheck | Ttotal | Status | Flags |
---|---|---|---|---|---|---|
r-devel-linux-x86_64-debian-clang | 0.0-3 | 64.01 | 81.53 | 145.54 | NOTE | |
r-devel-linux-x86_64-debian-gcc | 0.0-3 | 47.57 | 63.24 | 110.81 | NOTE | |
r-devel-linux-x86_64-fedora-clang | 0.0-3 | 189.47 | NOTE | |||
r-devel-linux-x86_64-fedora-gcc | 0.0-3 | 186.89 | NOTE | |||
r-devel-windows-x86_64 | 0.0-3 | 43.00 | 99.00 | 142.00 | NOTE | |
r-patched-linux-x86_64 | 0.0-3 | 44.11 | 80.82 | 124.93 | NOTE | |
r-release-linux-x86_64 | 0.0-3 | 51.79 | 77.85 | 129.64 | NOTE | |
r-release-macos-arm64 | 0.0-3 | 59.00 | NOTE | |||
r-release-macos-x86_64 | 0.0-3 | 87.00 | NOTE | |||
r-release-windows-x86_64 | 0.0-3 | 54.00 | 112.00 | 166.00 | NOTE | |
r-oldrel-macos-arm64 | 0.0-3 | 52.00 | NOTE | |||
r-oldrel-macos-x86_64 | 0.0-3 | 65.00 | NOTE | |||
r-oldrel-windows-x86_64 | 0.0-3 | 53.00 | 116.00 | 169.00 | OK |
Version: 0.0-3
Check: C++ specification
Result: NOTE
Specified C++11: please drop specification unless essential
Flavors: r-devel-linux-x86_64-debian-clang, r-devel-linux-x86_64-debian-gcc, r-devel-linux-x86_64-fedora-clang, r-devel-linux-x86_64-fedora-gcc, r-devel-windows-x86_64, r-patched-linux-x86_64, r-release-linux-x86_64, r-release-macos-arm64, r-release-macos-x86_64, r-release-windows-x86_64
Version: 0.0-3
Check: installed package size
Result: NOTE
installed size is 5.3Mb
sub-directories of 1Mb or more:
libs 5.1Mb
Flavors: r-release-macos-arm64, r-oldrel-macos-arm64, r-oldrel-macos-x86_64