Last updated on 2023-05-28 05:52:21 CEST.
Flavor | Version | Tinstall | Tcheck | Ttotal | Status | Flags |
---|---|---|---|---|---|---|
r-devel-linux-x86_64-debian-clang | 0.3.0 | 3.48 | 54.60 | 58.08 | NOTE | |
r-devel-linux-x86_64-debian-gcc | 0.3.0 | 2.67 | 44.21 | 46.88 | NOTE | |
r-devel-linux-x86_64-fedora-clang | 0.3.0 | 71.77 | NOTE | |||
r-devel-linux-x86_64-fedora-gcc | 0.3.0 | 93.19 | NOTE | |||
r-devel-windows-x86_64 | 0.3.0 | 5.00 | 124.00 | 129.00 | NOTE | |
r-patched-linux-x86_64 | 0.3.0 | 2.65 | 54.06 | 56.71 | NOTE | |
r-release-linux-x86_64 | 0.3.0 | 2.90 | 51.73 | 54.63 | NOTE | |
r-release-macos-arm64 | 0.3.0 | 6.00 | ERROR | |||
r-release-macos-x86_64 | 0.3.0 | 125.00 | NOTE | |||
r-release-windows-x86_64 | 0.3.0 | 5.00 | 147.00 | 152.00 | NOTE | |
r-oldrel-macos-arm64 | 0.3.0 | 47.00 | OK | |||
r-oldrel-macos-x86_64 | 0.3.0 | 70.00 | OK | |||
r-oldrel-windows-x86_64 | 0.3.0 | 5.00 | 163.00 | 168.00 | OK |
Version: 0.3.0
Check: package subdirectories
Result: NOTE
Problems with news in ‘NEWS.md’:
No news entries found.
Flavors: r-devel-linux-x86_64-debian-clang, r-devel-linux-x86_64-debian-gcc, r-devel-linux-x86_64-fedora-clang, r-devel-linux-x86_64-fedora-gcc, r-devel-windows-x86_64, r-patched-linux-x86_64, r-release-linux-x86_64, r-release-macos-x86_64, r-release-windows-x86_64
Version: 0.3.0
Check: package dependencies
Result: ERROR
Package required but not available: ‘snpStats’
See section ‘The DESCRIPTION file’ in the ‘Writing R Extensions’
manual.
Flavor: r-release-macos-arm64