Last updated on 2023-06-05 05:54:50 CEST.
Flavor | Version | Tinstall | Tcheck | Ttotal | Status | Flags |
---|---|---|---|---|---|---|
r-devel-linux-x86_64-debian-clang | 0.1.1.0 | 2.20 | 24.99 | 27.19 | NOTE | |
r-devel-linux-x86_64-debian-gcc | 0.1.1.0 | 1.75 | 19.51 | 21.26 | NOTE | |
r-devel-linux-x86_64-fedora-clang | 0.1.1.0 | 33.86 | NOTE | |||
r-devel-linux-x86_64-fedora-gcc | 0.1.1.0 | 32.44 | NOTE | |||
r-devel-windows-x86_64 | 0.1.1.0 | 3.00 | 42.00 | 45.00 | NOTE | |
r-patched-linux-x86_64 | 0.1.1.0 | 1.96 | 23.86 | 25.82 | NOTE | |
r-release-linux-x86_64 | 0.1.1.0 | 1.42 | 24.07 | 25.49 | NOTE | |
r-release-macos-arm64 | 0.1.1.0 | 17.00 | NOTE | |||
r-release-macos-x86_64 | 0.1.1.0 | 21.00 | NOTE | |||
r-release-windows-x86_64 | 0.1.1.0 | 5.00 | 42.00 | 47.00 | NOTE | |
r-oldrel-macos-arm64 | 0.1.1.0 | 15.00 | NOTE | |||
r-oldrel-macos-x86_64 | 0.1.1.0 | 29.00 | NOTE | |||
r-oldrel-windows-x86_64 | 0.1.1.0 | 4.00 | 87.00 | 91.00 | NOTE |
Version: 0.1.1.0
Check: LazyData
Result: NOTE
'LazyData' is specified without a 'data' directory
Flavors: r-devel-linux-x86_64-debian-clang, r-devel-linux-x86_64-debian-gcc, r-devel-linux-x86_64-fedora-clang, r-devel-linux-x86_64-fedora-gcc, r-devel-windows-x86_64, r-patched-linux-x86_64, r-release-linux-x86_64, r-release-macos-arm64, r-release-macos-x86_64, r-release-windows-x86_64, r-oldrel-macos-arm64, r-oldrel-macos-x86_64, r-oldrel-windows-x86_64
Version: 0.1.1.0
Check: dependencies in R code
Result: NOTE
Namespaces in Imports field not imported from:
‘cowplot’ ‘ggplot2’ ‘jsonlite’
All declared Imports should be used.
Flavors: r-devel-linux-x86_64-fedora-clang, r-devel-linux-x86_64-fedora-gcc, r-oldrel-macos-arm64, r-oldrel-macos-x86_64