Last updated on 2023-06-03 05:52:46 CEST.
Flavor | Version | Tinstall | Tcheck | Ttotal | Status | Flags |
---|---|---|---|---|---|---|
r-devel-linux-x86_64-debian-clang | 2.0.4 | 4.32 | 193.94 | 198.26 | OK | |
r-devel-linux-x86_64-debian-gcc | 2.0.4 | 3.72 | 148.78 | 152.50 | OK | |
r-devel-linux-x86_64-fedora-clang | 2.0.4 | 236.87 | NOTE | |||
r-devel-linux-x86_64-fedora-gcc | 2.0.4 | 260.26 | NOTE | |||
r-devel-windows-x86_64 | 2.0.4 | 6.00 | 164.00 | 170.00 | OK | |
r-patched-linux-x86_64 | 2.0.4 | OK | ||||
r-release-linux-x86_64 | 2.0.4 | 2.73 | 186.34 | 189.07 | OK | |
r-release-macos-arm64 | 2.0.4 | 85.00 | OK | |||
r-release-macos-x86_64 | 2.0.4 | 149.00 | OK | |||
r-release-windows-x86_64 | 2.0.4 | 6.00 | 202.00 | 208.00 | OK | |
r-oldrel-macos-arm64 | 2.0.4 | 65.00 | NOTE | |||
r-oldrel-macos-x86_64 | 2.0.4 | 125.00 | NOTE | |||
r-oldrel-windows-x86_64 | 2.0.4 | 7.00 | 205.00 | 212.00 | OK |
Version: 2.0.4
Check: dependencies in R code
Result: NOTE
Namespace in Imports field not imported from: ‘graphics’
All declared Imports should be used.
Flavors: r-devel-linux-x86_64-fedora-clang, r-devel-linux-x86_64-fedora-gcc, r-oldrel-macos-arm64, r-oldrel-macos-x86_64