Last updated on 2023-06-01 05:56:08 CEST.
Flavor | Version | Tinstall | Tcheck | Ttotal | Status | Flags |
---|---|---|---|---|---|---|
r-devel-linux-x86_64-debian-clang | 0.9.22 | 13.40 | 110.68 | 124.08 | OK | |
r-devel-linux-x86_64-debian-gcc | 0.9.22 | 10.42 | 86.32 | 96.74 | OK | |
r-devel-linux-x86_64-fedora-clang | 0.9.22 | 156.02 | NOTE | |||
r-devel-linux-x86_64-fedora-gcc | 0.9.22 | 170.55 | NOTE | |||
r-devel-windows-x86_64 | 0.9.22 | 12.00 | 144.00 | 156.00 | OK | |
r-patched-linux-x86_64 | 0.9.22 | OK | ||||
r-release-linux-x86_64 | 0.9.22 | 10.00 | 106.54 | 116.54 | OK | |
r-release-macos-arm64 | 0.9.22 | 61.00 | OK | |||
r-release-macos-x86_64 | 0.9.22 | 85.00 | OK | |||
r-release-windows-x86_64 | 0.9.22 | 16.00 | 226.00 | 242.00 | OK | |
r-oldrel-macos-arm64 | 0.9.22 | 49.00 | NOTE | |||
r-oldrel-macos-x86_64 | 0.9.22 | 80.00 | NOTE | |||
r-oldrel-windows-x86_64 | 0.9.22 | 17.00 | 153.00 | 170.00 | OK |
Version: 0.9.22
Check: data for non-ASCII characters
Result: NOTE
Note: found 153 marked Latin-1 strings
Note: found 108 marked UTF-8 strings
Flavors: r-devel-linux-x86_64-fedora-clang, r-devel-linux-x86_64-fedora-gcc, r-oldrel-macos-arm64, r-oldrel-macos-x86_64