Last updated on 2023-06-10 05:52:48 CEST.
Flavor | Version | Tinstall | Tcheck | Ttotal | Status | Flags |
---|---|---|---|---|---|---|
r-devel-linux-x86_64-debian-clang | 1.1.0 | 12.16 | 173.52 | 185.68 | NOTE | |
r-devel-linux-x86_64-debian-gcc | 1.1.0 | 9.53 | 129.99 | 139.52 | NOTE | |
r-devel-linux-x86_64-fedora-clang | 1.1.0 | 219.51 | NOTE | |||
r-devel-linux-x86_64-fedora-gcc | 1.1.0 | 225.42 | NOTE | |||
r-devel-windows-x86_64 | 1.1.0 | 12.00 | 143.00 | 155.00 | NOTE | |
r-patched-linux-x86_64 | 1.1.0 | 12.07 | 161.84 | 173.91 | NOTE | |
r-release-linux-x86_64 | 1.1.0 | 12.83 | 163.99 | 176.82 | NOTE | |
r-release-macos-arm64 | 1.1.0 | 89.00 | NOTE | |||
r-release-macos-x86_64 | 1.1.0 | 122.00 | NOTE | |||
r-release-windows-x86_64 | 1.1.0 | 14.00 | 388.00 | 402.00 | NOTE | |
r-oldrel-macos-arm64 | 1.1.0 | 68.00 | NOTE | |||
r-oldrel-macos-x86_64 | 1.1.0 | 149.00 | NOTE | |||
r-oldrel-windows-x86_64 | 1.1.0 | 14.00 | 178.00 | 192.00 | NOTE |
Version: 1.1.0
Check: LazyData
Result: NOTE
'LazyData' is specified without a 'data' directory
Flavors: r-devel-linux-x86_64-debian-clang, r-devel-linux-x86_64-debian-gcc, r-devel-linux-x86_64-fedora-clang, r-devel-linux-x86_64-fedora-gcc, r-devel-windows-x86_64, r-patched-linux-x86_64, r-release-linux-x86_64, r-release-macos-arm64, r-release-macos-x86_64, r-release-windows-x86_64, r-oldrel-macos-arm64, r-oldrel-macos-x86_64, r-oldrel-windows-x86_64