CRAN Package Check Results for Package TEAM

Last updated on 2023-05-30 05:57:48 CEST.

Flavor Version Tinstall Tcheck Ttotal Status Flags
r-devel-linux-x86_64-debian-clang 0.1.0 10.51 102.48 112.99 NOTE
r-devel-linux-x86_64-debian-gcc 0.1.0 7.37 76.87 84.24 NOTE
r-devel-linux-x86_64-fedora-clang 0.1.0 138.60 NOTE
r-devel-linux-x86_64-fedora-gcc 0.1.0 150.11 NOTE
r-devel-windows-x86_64 0.1.0 11.00 87.00 98.00 NOTE
r-patched-linux-x86_64 0.1.0 10.24 95.55 105.79 NOTE
r-release-linux-x86_64 0.1.0 10.21 96.76 106.97 NOTE
r-release-macos-arm64 0.1.0 48.00 NOTE
r-release-macos-x86_64 0.1.0 68.00 NOTE
r-release-windows-x86_64 0.1.0 15.00 123.00 138.00 NOTE
r-oldrel-macos-arm64 0.1.0 40.00 NOTE
r-oldrel-macos-x86_64 0.1.0 79.00 NOTE
r-oldrel-windows-x86_64 0.1.0 13.00 106.00 119.00 NOTE

Check Details

Version: 0.1.0
Check: LazyData
Result: NOTE
     'LazyData' is specified without a 'data' directory
Flavors: r-devel-linux-x86_64-debian-clang, r-devel-linux-x86_64-debian-gcc, r-devel-linux-x86_64-fedora-clang, r-devel-linux-x86_64-fedora-gcc, r-devel-windows-x86_64, r-patched-linux-x86_64, r-release-linux-x86_64, r-release-macos-arm64, r-release-macos-x86_64, r-release-windows-x86_64, r-oldrel-macos-arm64, r-oldrel-macos-x86_64, r-oldrel-windows-x86_64