Last updated on 2023-05-28 05:52:20 CEST.
Flavor | Version | Tinstall | Tcheck | Ttotal | Status | Flags |
---|---|---|---|---|---|---|
r-devel-linux-x86_64-debian-clang | 0.1.2 | 21.83 | 70.73 | 92.56 | OK | |
r-devel-linux-x86_64-debian-gcc | 0.1.2 | 20.51 | 53.73 | 74.24 | OK | |
r-devel-linux-x86_64-fedora-clang | 0.1.2 | 119.22 | NOTE | |||
r-devel-linux-x86_64-fedora-gcc | 0.1.2 | 139.04 | NOTE | |||
r-devel-windows-x86_64 | 0.1.2 | 27.00 | 80.00 | 107.00 | OK | |
r-patched-linux-x86_64 | 0.1.2 | 25.86 | 67.06 | 92.92 | OK | |
r-release-linux-x86_64 | 0.1.2 | 23.60 | 67.17 | 90.77 | OK | |
r-release-macos-arm64 | 0.1.2 | 60.00 | OK | |||
r-release-macos-x86_64 | 0.1.2 | 80.00 | OK | |||
r-release-windows-x86_64 | 0.1.2 | 28.00 | 87.00 | 115.00 | OK | |
r-oldrel-macos-arm64 | 0.1.2 | 54.00 | NOTE | |||
r-oldrel-macos-x86_64 | 0.1.2 | 79.00 | NOTE | |||
r-oldrel-windows-x86_64 | 0.1.2 | 30.00 | 92.00 | 122.00 | OK |
Version: 0.1.2
Check: dependencies in R code
Result: NOTE
Namespace in Imports field not imported from: ‘data.table’
All declared Imports should be used.
Flavors: r-devel-linux-x86_64-fedora-clang, r-devel-linux-x86_64-fedora-gcc, r-oldrel-macos-arm64, r-oldrel-macos-x86_64