Last updated on 2023-06-09 05:55:13 CEST.
Flavor | Version | Tinstall | Tcheck | Ttotal | Status | Flags |
---|---|---|---|---|---|---|
r-devel-linux-x86_64-debian-clang | 0.1.3 | 34.65 | 322.82 | 357.47 | OK | |
r-devel-linux-x86_64-debian-gcc | 0.1.3 | 30.59 | 241.40 | 271.99 | OK | |
r-devel-linux-x86_64-fedora-clang | 0.1.3 | 455.44 | NOTE | |||
r-devel-linux-x86_64-fedora-gcc | 0.1.3 | 447.60 | NOTE | |||
r-devel-windows-x86_64 | 0.1.3 | 28.00 | 476.00 | 504.00 | OK | |
r-patched-linux-x86_64 | 0.1.3 | 29.95 | 305.33 | 335.28 | OK | |
r-release-linux-x86_64 | 0.1.3 | 24.12 | 309.18 | 333.30 | OK | |
r-release-macos-arm64 | 0.1.3 | 119.00 | OK | |||
r-release-macos-x86_64 | 0.1.3 | 196.00 | OK | |||
r-release-windows-x86_64 | 0.1.3 | 39.00 | 297.00 | 336.00 | OK | |
r-oldrel-macos-arm64 | 0.1.3 | 142.00 | NOTE | |||
r-oldrel-macos-x86_64 | 0.1.3 | 184.00 | NOTE | |||
r-oldrel-windows-x86_64 | 0.1.3 | 40.00 | 262.00 | 302.00 | OK |
Version: 0.1.3
Check: dependencies in R code
Result: NOTE
Namespaces in Imports field not imported from:
‘UpSetR’ ‘alluvial’ ‘gridBase’
All declared Imports should be used.
Flavors: r-devel-linux-x86_64-fedora-clang, r-devel-linux-x86_64-fedora-gcc, r-oldrel-macos-arm64, r-oldrel-macos-x86_64