Last updated on 2023-06-03 05:52:45 CEST.
Flavor | Version | Tinstall | Tcheck | Ttotal | Status | Flags |
---|---|---|---|---|---|---|
r-devel-linux-x86_64-debian-clang | 1.1.0 | 3.25 | 21.41 | 24.66 | OK | |
r-devel-linux-x86_64-debian-gcc | 1.1.0 | 2.69 | 17.01 | 19.70 | OK | |
r-devel-linux-x86_64-fedora-clang | 1.1.0 | 32.17 | NOTE | |||
r-devel-linux-x86_64-fedora-gcc | 1.1.0 | 32.35 | NOTE | |||
r-devel-windows-x86_64 | 1.1.0 | 7.00 | 38.00 | 45.00 | NOTE | |
r-patched-linux-x86_64 | 1.1.0 | OK | ||||
r-release-linux-x86_64 | 1.1.0 | 2.81 | 20.88 | 23.69 | OK | |
r-release-macos-arm64 | 1.1.0 | 17.00 | NOTE | |||
r-release-macos-x86_64 | 1.1.0 | 20.00 | NOTE | |||
r-release-windows-x86_64 | 1.1.0 | 7.00 | 39.00 | 46.00 | NOTE | |
r-oldrel-macos-arm64 | 1.1.0 | 16.00 | NOTE | |||
r-oldrel-macos-x86_64 | 1.1.0 | 26.00 | NOTE | |||
r-oldrel-windows-x86_64 | 1.1.0 | 7.00 | 44.00 | 51.00 | NOTE |
Version: 1.1.0
Check: installed package size
Result: NOTE
installed size is 6.3Mb
sub-directories of 1Mb or more:
shiny-apps 6.2Mb
Flavors: r-devel-linux-x86_64-fedora-clang, r-devel-windows-x86_64, r-release-macos-arm64, r-release-macos-x86_64, r-release-windows-x86_64, r-oldrel-macos-arm64, r-oldrel-macos-x86_64, r-oldrel-windows-x86_64
Version: 1.1.0
Check: dependencies in R code
Result: NOTE
Namespaces in Imports field not imported from:
‘DDoutlier’ ‘car’ ‘corrplot’ ‘data.table’ ‘energy’ ‘ggplot2’
‘gridExtra’ ‘kableExtra’ ‘knitr’ ‘readr’ ‘reshape2’ ‘rmarkdown’
‘shinydisconnect’
All declared Imports should be used.
Flavors: r-devel-linux-x86_64-fedora-clang, r-devel-linux-x86_64-fedora-gcc, r-oldrel-macos-arm64, r-oldrel-macos-x86_64
Version: 1.1.0
Check: package dependencies
Result: NOTE
Packages suggested but not available for checking:
'semPlot', 'FactoMineR', 'FactoInvestigate', 'factoextra'
Flavor: r-release-macos-x86_64