Last updated on 2023-06-07 05:58:33 CEST.
Flavor | Version | Tinstall | Tcheck | Ttotal | Status | Flags |
---|---|---|---|---|---|---|
r-devel-linux-x86_64-debian-clang | 0.13-0 | 66.38 | 88.77 | 155.15 | NOTE | |
r-devel-linux-x86_64-debian-gcc | 0.13-0 | 53.38 | 66.36 | 119.74 | NOTE | |
r-devel-linux-x86_64-fedora-clang | 0.13-0 | 229.15 | NOTE | |||
r-devel-linux-x86_64-fedora-gcc | 0.13-0 | 229.65 | NOTE | |||
r-devel-windows-x86_64 | 0.13-0 | 56.00 | 134.00 | 190.00 | NOTE | |
r-patched-linux-x86_64 | 0.13-0 | 59.60 | 85.97 | 145.57 | NOTE | |
r-release-linux-x86_64 | 0.13-0 | 54.33 | 84.81 | 139.14 | NOTE | |
r-release-macos-arm64 | 0.13-0 | 68.00 | NOTE | |||
r-release-macos-x86_64 | 0.13-0 | 104.00 | NOTE | |||
r-release-windows-x86_64 | 0.13-0 | 71.00 | 138.00 | 209.00 | NOTE | |
r-oldrel-macos-arm64 | 0.13-0 | 61.00 | OK | |||
r-oldrel-macos-x86_64 | 0.13-0 | 78.00 | OK | |||
r-oldrel-windows-x86_64 | 0.13-0 | 70.00 | 138.00 | 208.00 | OK |
Version: 0.13-0
Check: C++ specification
Result: NOTE
Specified C++11: please drop specification unless essential
Flavors: r-devel-linux-x86_64-debian-clang, r-devel-linux-x86_64-debian-gcc, r-devel-linux-x86_64-fedora-clang, r-devel-linux-x86_64-fedora-gcc, r-devel-windows-x86_64, r-patched-linux-x86_64, r-release-linux-x86_64, r-release-macos-arm64, r-release-macos-x86_64, r-release-windows-x86_64