Last updated on 2023-06-10 05:52:47 CEST.
Flavor | Version | Tinstall | Tcheck | Ttotal | Status | Flags |
---|---|---|---|---|---|---|
r-devel-linux-x86_64-debian-clang | 4.0 | 12.20 | 108.82 | 121.02 | OK | |
r-devel-linux-x86_64-debian-gcc | 4.0 | 10.04 | 84.53 | 94.57 | OK | |
r-devel-linux-x86_64-fedora-clang | 4.0 | 151.51 | NOTE | |||
r-devel-linux-x86_64-fedora-gcc | 4.0 | 144.76 | NOTE | |||
r-devel-windows-x86_64 | 4.0 | 13.00 | 97.00 | 110.00 | OK | |
r-patched-linux-x86_64 | 4.0 | 14.71 | 102.51 | 117.22 | OK | |
r-release-linux-x86_64 | 4.0 | 11.49 | 104.14 | 115.63 | OK | |
r-release-macos-arm64 | 4.0 | 46.00 | OK | |||
r-release-macos-x86_64 | 4.0 | 77.00 | OK | |||
r-release-windows-x86_64 | 4.0 | 17.00 | 118.00 | 135.00 | OK | |
r-oldrel-macos-arm64 | 4.0 | 40.00 | OK | |||
r-oldrel-macos-x86_64 | 4.0 | 58.00 | OK | |||
r-oldrel-windows-x86_64 | 4.0 | 16.00 | 121.00 | 137.00 | OK |
Version: 4.0
Check: compiled code
Result: NOTE
File ‘SparseTSCGM/libs/SparseTSCGM.so’:
Found no calls to: ‘R_registerRoutines’, ‘R_useDynamicSymbols’
It is good practice to register native routines and to disable symbol
search.
See ‘Writing portable packages’ in the ‘Writing R Extensions’ manual.
Flavors: r-devel-linux-x86_64-fedora-clang, r-devel-linux-x86_64-fedora-gcc