Last updated on 2023-06-07 05:58:33 CEST.
Flavor | Version | Tinstall | Tcheck | Ttotal | Status | Flags |
---|---|---|---|---|---|---|
r-devel-linux-x86_64-debian-clang | 0.2-0 | 43.48 | 95.19 | 138.67 | NOTE | |
r-devel-linux-x86_64-debian-gcc | 0.2-0 | 44.48 | 69.21 | 113.69 | NOTE | |
r-devel-linux-x86_64-fedora-clang | 0.2-0 | 206.92 | NOTE | |||
r-devel-linux-x86_64-fedora-gcc | 0.2-0 | 196.60 | NOTE | |||
r-devel-windows-x86_64 | 0.2-0 | 44.00 | 105.00 | 149.00 | NOTE | |
r-patched-linux-x86_64 | 0.2-0 | 44.41 | 89.89 | 134.30 | NOTE | |
r-release-linux-x86_64 | 0.2-0 | 47.55 | 88.60 | 136.15 | NOTE | |
r-release-macos-arm64 | 0.2-0 | 57.00 | NOTE | |||
r-release-macos-x86_64 | 0.2-0 | 89.00 | NOTE | |||
r-release-windows-x86_64 | 0.2-0 | 58.00 | 130.00 | 188.00 | NOTE | |
r-oldrel-macos-arm64 | 0.2-0 | 57.00 | NOTE | |||
r-oldrel-macos-x86_64 | 0.2-0 | 71.00 | NOTE | |||
r-oldrel-windows-x86_64 | 0.2-0 | 56.00 | 126.00 | 182.00 | OK |
Version: 0.2-0
Check: C++ specification
Result: NOTE
Specified C++11: please drop specification unless essential
Flavors: r-devel-linux-x86_64-debian-clang, r-devel-linux-x86_64-debian-gcc, r-devel-linux-x86_64-fedora-clang, r-devel-linux-x86_64-fedora-gcc, r-devel-windows-x86_64, r-patched-linux-x86_64, r-release-linux-x86_64, r-release-macos-arm64, r-release-macos-x86_64, r-release-windows-x86_64
Version: 0.2-0
Check: installed package size
Result: NOTE
installed size is 5.3Mb
sub-directories of 1Mb or more:
data 2.4Mb
libs 2.8Mb
Flavors: r-release-macos-arm64, r-release-macos-x86_64, r-oldrel-macos-arm64, r-oldrel-macos-x86_64