Last updated on 2023-06-05 05:54:48 CEST.
Flavor | Version | Tinstall | Tcheck | Ttotal | Status | Flags |
---|---|---|---|---|---|---|
r-devel-linux-x86_64-debian-clang | 1.6.2 | 53.52 | 103.88 | 157.40 | OK | |
r-devel-linux-x86_64-debian-gcc | 1.6.2 | 40.10 | 80.32 | 120.42 | OK | |
r-devel-linux-x86_64-fedora-clang | 1.6.2 | 202.44 | NOTE | |||
r-devel-linux-x86_64-fedora-gcc | 1.6.2 | 203.41 | NOTE | |||
r-devel-windows-x86_64 | 1.6.2 | 41.00 | 110.00 | 151.00 | NOTE | |
r-patched-linux-x86_64 | 1.6.2 | 40.85 | 102.70 | 143.55 | OK | |
r-release-linux-x86_64 | 1.6.2 | 41.62 | 102.40 | 144.02 | OK | |
r-release-macos-arm64 | 1.6.2 | 66.00 | NOTE | |||
r-release-macos-x86_64 | 1.6.2 | 98.00 | NOTE | |||
r-release-windows-x86_64 | 1.6.2 | 52.00 | 131.00 | 183.00 | NOTE | |
r-oldrel-macos-arm64 | 1.6.2 | 52.00 | NOTE | |||
r-oldrel-macos-x86_64 | 1.6.2 | 93.00 | NOTE | |||
r-oldrel-windows-x86_64 | 1.6.2 | 48.00 | 127.00 | 175.00 | NOTE |
Version: 1.6.2
Check: installed package size
Result: NOTE
installed size is 5.1Mb
sub-directories of 1Mb or more:
data 4.7Mb
Flavors: r-devel-linux-x86_64-fedora-clang, r-devel-windows-x86_64, r-release-macos-arm64, r-release-macos-x86_64, r-release-windows-x86_64, r-oldrel-macos-arm64, r-oldrel-macos-x86_64, r-oldrel-windows-x86_64
Version: 1.6.2
Check: dependencies in R code
Result: NOTE
Namespace in Imports field not imported from: ‘RcppEigen’
All declared Imports should be used.
Flavors: r-devel-linux-x86_64-fedora-clang, r-devel-linux-x86_64-fedora-gcc, r-oldrel-macos-arm64, r-oldrel-macos-x86_64